(-6)/(-15) + 0). Suppose b = 4*f + 19, q*f + 26 = 3*b - b. Suppose 5*y = 31 - 6. Calculate the remainder when y is divided by b.
2
What is the remainder when 1016/30 - 12/(-90) is divided by 10?
4
Suppose 0 = -4*f - 12, 3*v + 3*f - 4*f + 99 = 0. Let w = -7 - -15. Let c = w - v. What is the remainder when c is divided by 15?
12
Let i(u) = -7*u + 5. Let f be i(-10). Suppose 6*j - f = j. What is the remainder when 42 is divided by j?
12
Let p(x) = -x**2 + 7*x - 7. Let d be p(5). Suppose -3*k - 3*o + 33 = 0, 8 = 4*k + d*o - 32. What is the remainder when (-82)/(-4) - 1/2 is divided by k?
6
Calculate the remainder when 4/(-5)*(-420)/8 is divided by 15.
12
Let r = 20 + -8. What is the remainder when r is divided by 4?
0
Let y(g) = g**2 + 6*g + 7. Let f be y(-5). Suppose s - 50 + f = 0. Suppose 48 + s = 3*h. Calculate the remainder when h is divided by 17.
15
Suppose 0*x = x. Suppose -p - 5*d + 13 = x, 2*d - d + 31 = 4*p. What is the remainder when 22 is divided by p?
6
Let d(l) = -5*l + 8. Let u be d(-8). Suppose 4*i - u = 5*y, -4*y = -0*i + i - 33. What is the remainder when 48 is divided by i?
14
Let r = 71 - 32. Calculate the remainder when r is divided by 20.
19
Let m = 7 - 3. Suppose 0 = 3*s + 3*j + 45 - 141, -2*s = -5*j - 85. Calculate the remainder when s is divided by ((-18)/m)/((-3)/12).
17
Let y(t) = 5*t - 1. Suppose -3*o - q - 12 = 2, o - q = 2. Let s be 5/1 + o + 4. What is the remainder when y(s) is divided by 10?
9
Suppose 14*k + 2*k = 304. Calculate the remainder when 92 is divided by k.
16
What is the remainder when 57 is divided by (-55)/1*12/(-30)?
13
Suppose -3*b + 92 = -b. Let z = -2 + b. Suppose 0*l = -4*l - 16, -3*u + 61 = -4*l. What is the remainder when z is divided by u?
14
Let r be (-24)/10 + (-2)/(-5). What is the remainder when 12/(-9)*99/r is divided by 17?
15
Let q(k) = -2*k**2 - 47*k - 40. What is the remainder when q(-22) is divided by 9?
8
Suppose 0 = 5*i - 22 - 3, -38 = -a - 5*i. What is the remainder when a is divided by 6?
1
Let u(r) = -5*r**3 - 4*r**2 - 3*r. Let i be u(-2). Let q(c) = -12*c**2 - c. Let h be q(-1). Let a = i + h. What is the remainder when a is divided by 10?
9
What is the remainder when (-531)/6*10/(-15) is divided by 20?
19
Let d(m) = 14*m - 1. Let o be d(2). Let r = -11 + o. Calculate the remainder when r is divided by 6.
4
Let f = -17 + 32. Calculate the remainder when 57 is divided by f.
12
Let v be 136/6 - (-6)/(-9). Suppose 0 = -4*c + v + 22. Let m = 73 - 30. Calculate the remainder when m is divided by c.
10
Let f(t) = -t**2 - 13*t - 8. Suppose 3*n + 2*n = -60. Calculate the remainder when f(-10) is divided by n/(-3)*2/1.
6
Let y = -143 + 86. Let l = y - -94. Calculate the remainder when l is divided by 13.
11
Let o be 9 - 0/(-2 - 1). Let l = o - -4. Calculate the remainder when 38 is divided by l.
12
Let d = 235 - 183. Calculate the remainder when d is divided by 29.
23
Suppose -2*v - 2*v + w + 115 = 0, -3*v + 89 = 2*w. Calculate the remainder when v is divided by 16.
13
Let g be (-52)/(-6)*12/8. Let k = g - -41. Calculate the remainder when k is divided by 19.
16
Let y = 7 - 2. Suppose y*g - 5*r = 55, -r = 2*g - 0 - 13. Calculate the remainder when 174/4*(-2)/(-3) is divided by g.
5
Suppose 3*d + 350 = 8*d. Suppose -3*p - 1 = -73. Calculate the remainder when d is divided by p.
22
Suppose 2*j + t - 24 = 5*t, -3*j + 4*t = -42. Calculate the remainder when 6*9 - 15/5 is divided by j.
15
Suppose 0 = i + i. Suppose 0 = 4*q - 4*h - 96, i*q - h + 116 = 4*q. What is the remainder when q is divided by 224/22 - 2/11?
8
Let z(j) = -4*j**3 + 3*j**3 + 7*j**2 - 2 - 2*j**2 + 0*j**3. What is the remainder when 55 is divided by z(4)?
13
Suppose 6*j + 48 = 180. Suppose 0 = -b - 2*m + 12, 2*b - 24 = -0*b + 4*m. Calculate the remainder when j is divided by b.
10
Suppose -4*m + 16 = -0*m, 3*u = -3*m + 54. Suppose -2*v = 5 - 15. Calculate the remainder when u is divided by v.
4
Suppose -4*f + 3*k + 56 = f, -19 = -f - 2*k. What is the remainder when 1*23 - (-4 - -3) is divided by f?
11
Suppose 0 = 4*t + t - 35. Let j = -1 - -3. Calculate the remainder when t is divided by j.
1
Let t(m) = -m**3 - m**2 + m + 3. Calculate the remainder when ((-28)/(-42))/((-1)/(-15)) is divided by t(0).
1
Suppose -c - 2*c = -z + 1, -3*c + 27 = 3*z. Let w = -2 + 2. Suppose -y + 2*y - 3 = w. Calculate the remainder when z is divided by y.
1
Let w = -106 - -133. What is the remainder when 106 is divided by w?
25
Let z = -30 - -94. Calculate the remainder when z is divided by 35.
29
Let m(o) = 14*o - 56. Calculate the remainder when 24 is divided by m(5).
10
Suppose q - 3*q = 4*b - 4, b - 1 = -5*q. Suppose -k = -6 + b. What is the remainder when 13 is divided by k?
3
Suppose -9*q + 78 = -6*q. Let v(h) = -h**2 + 4*h. Let a be v(4). Suppose 3*k - 39 = -4*t, a = -0*t + t - 4*k - 5. What is the remainder when q is divided by t?
8
Suppose 0 = -3*q - 9. Let r be -1 - (q + 1 - 0). Calculate the remainder when (r - -1)/(4/14) is divided by 4.
3
Suppose 0 = 8*z - 6*z - 52. What is the remainder when 99 is divided by z?
21
Suppose -2*r + 63 = 1. Let z(p) be the first derivative of 4*p**3/3 + 2*p**2 + 3*p + 1. What is the remainder when r is divided by z(-2)?
9
Suppose 4*c - 57 = c. Calculate the remainder when c is divided by 11.
8
Let h = -46 - -77. What is the remainder when h is divided by 9?
4
Let w = 21 + -27. What is the remainder when 3 - (w/(-2) - 45) is divided by 16?
13
Let w(x) = -x**2 - 9*x + 9. Let a be w(-9). Let z be (-38)/(-6) + (-3)/a. What is the remainder when 28 is divided by (-2)/z - (-31)/3?
8
Let y = -14 + 52. What is the remainder when y is divided by 14?
10
Let z(l) = -90*l + 2. Let x be z(-2). Suppose -162 = -3*j - 3*u, 3*j = -0*u + 2*u + x. Calculate the remainder when j is divided by 20.
18
Let r(b) = -b + 2. Let p(l) = l**3 + 4. Let j be p(0). Suppose -8 = -j*t + 20. Calculate the remainder when t is divided by r(-2).
3
Let m = 68 + -64. Let s(f) = f**3 + 4*f**2 + 2. Calculate the remainder when s(-2) is divided by m.
2
Let x(z) = 6*z**2 - z - 1. Suppose -b - 5 = -4. What is the remainder when x(b) is divided by 3?
0
Suppose -3*a - 201 = -6*a. Suppose 16 = 4*c, -56 = -2*w - 2*c - 3*c. What is the remainder when a is divided by w?
13
Let b(y) = y**3 - 6*y**2 - 3*y + 3. Let v = 12 - 2. Let q = 1 + v. Calculate the remainder when b(7) is divided by q.
9
Suppose -8*y + 4*y + 188 = 0. What is the remainder when y is divided by 14?
5
Let u(s) = -12*s**3 - s**2 - s - 1. What is the remainder when ((-315)/(-75))/((-1)/(-5)) is divided by u(-1)?
10
Suppose 5*h + 12 - 132 = 0. Calculate the remainder when h is divided by 9.
6
Let a be 16/(-2)*(-2)/4. Let w be (16/(-10))/(a/20). What is the remainder when (-15)/20 - 310/w is divided by 13?
12
Let g = -52 + 136. Suppose -6*y + 258 = -g. Calculate the remainder when y is divided by 15.
12
Let w(m) = m**2 + 3*m - 14. Calculate the remainder when 47 is divided by w(-8).
21
Let j be 10/1*(-10)/4. Let x = 36 + j. Calculate the remainder when 32 is divided by x.
10
Let t = 6 + -2. Suppose 0 = 3*a + 5*i - 12, -44 = -t*a + 2*i - 2. What is the remainder when a is divided by 5?
4
Suppose -51 = -3*k - 0*k. Suppose 2*x + 58 - k = 3*u, -2*u + 4*x + 38 = 0. Calculate the remainder when 20 is divided by u.
9
Suppose 2*q = 5*b - 2*b - 1, -q = -b - 2. Suppose 4*y + q + 1 = 0. Let n(p) = -p. What is the remainder when n(y) is divided by 1?
0
Let b be 12/10*(-2 - -7). Suppose 5*w + 2*n = 56, -b*w + 2*w - n = -46. What is the remainder when 22 is divided by w?
10
Let f be (-24)/(-12)*(-2)/(-4). Let y = 16 + f. Let c(t) = t**2 - 4*t + 5. What is the remainder when y is divided by c(4)?
2
Let i(d) = d**3 - 3*d + 2. Suppose 4 = 3*y - 2*y. Suppose -2*m = y*j + 15 - 41, -m + 2*j = -1. Calculate the remainder when i(3) is divided by m.
6
Let x(v) = v**3 - 2*v**2 - 4*v - 4. Let k be x(4). Suppose -l = -2*l + k. Calculate the remainder when (-11)/(-3)*(7 + -1) is divided by l.
10
Suppose 3*v + 5*q = 238, 0*v - 2*q = -2*v + 132. Let w = v + -24. Calculate the remainder when w is divided by 24.
23
Let y be 2/6 - (-282)/(-9). Let v = -21 - y. Calculate the remainder when 28 is divided by v.
8
Let z(i) = i**2 - 6. What is the remainder when z(6) is divided by (-2 + (-32)/(-12))/(1/24)?
14
Suppose 12 -